pose -h = -o*n + 568. Calculate the remainder when n is divided by 35.
30
Let s be (-6)/21 - (0 - 326/14). Suppose 0 = -s*z + 24*z. What is the remainder when 7 is divided by z - (-3)/(-9)*-3?
0
Let y = -526 - -530. Suppose 2*k = -3*h + y*k + 24, -k - 15 = -2*h. What is the remainder when 42 is divided by h?
0
Let z(j) = j**2 - 46*j - 1553. What is the remainder when z(-23) is divided by 13?
8
Suppose -12460 = 12*p - 13108. What is the remainder when 965 is divided by p?
47
Let f(q) = -q**3 - 6*q**2 + 889*q - 64. What is the remainder when 1955 is divided by f(-33)?
1
Let f(t) = 12*t - 524. Calculate the remainder when f(53) is divided by 76.
36
Let c(g) = 3*g - 3. Suppose 85*p + 388 = 81*p. Let j = -91 - p. Calculate the remainder when c(6) is divided by j.
3
Let t be -112*(6 - 102/12). Let h = -248 + t. What is the remainder when 191 is divided by h?
31
Let w = 2175 + -1780. What is the remainder when w is divided by 44?
43
Suppose -h - 8 - 20 = m, -h = -4*m - 112. What is the remainder when 38 + m/(-7) - -5 is divided by 12?
11
Let p be 760/50 - (1 - (-9)/(-5)). Let k(u) = -u**3 + 13*u**2 + 51*u - 39. Calculate the remainder when 42 is divided by k(p).
6
Suppose 0 = -3*s, 4*d - 4*s - 228 = 5*d - 5*d. Calculate the remainder when 621 is divided by d.
51
Let f(j) = -2*j + 11. Let t = -24 + 18. Let u be f(t). Suppose -2*y - 8 = -2*c, 5*y - u = c - 7. Calculate the remainder when 14 is divided by c.
5
Suppose 5 = r - 4*m - 6, -61 = -2*r - 5*m. Let a be ((-610)/5)/(2/5). What is the remainder when a/(-7) - (-12)/(-21) is divided by r?
20
Let z = 13768 - 11329. Calculate the remainder when z is divided by 98.
87
Let h = -152 - -106. Let c = h - -48. What is the remainder when (-37)/(c/(-4)*1) is divided by 26?
22
Suppose 5*v + 5*m = 0, 0 = -v - 6*m + 9*m - 8. What is the remainder when (v - -23)*(-504)/(-108) is divided by 26?
20
Calculate the remainder when 1542 is divided by 312 + (-14)/(-4) + 1545/(-206).
2
Let s(f) = -379*f - 362. What is the remainder when 20517 is divided by s(-1)?
15
Let z = -72 + 105. Suppose 8*k - 9 = -z. Calculate the remainder when 36 is divided by (-2 + (-18)/k)*(9 - 4).
16
Let y(o) = 3*o**3 + o**2 - o. Let r be y(1). Suppose 2*l + r*l = 125. Suppose 12332 = 97*q - 9299. What is the remainder when q is divided by l?
23
Let s be (38/(-42) - -1) + (-33195)/(-63). Let y = s - 510. What is the remainder when 19 is divided by y?
2
Let m(u) = u**2 + 2. Let b(d) = d**3 - 10*d**2 + 3*d - 22. Suppose 22 = 3*q + 2*k, 4*q + 2*k + 3*k = 20. Calculate the remainder when m(3) is divided by b(q).
3
Let m(z) = 8*z - 74. Let b = -292 - -307. Calculate the remainder when m(b) is divided by 25.
21
Let p(k) = 22*k**3 - 3*k**2 - 6*k + 67. Let b(u) = 19*u**3 - 3*u**2 - 5*u + 68. Let a(z) = 7*b(z) - 6*p(z). Calculate the remainder when a(0) is divided by 26.
22
Suppose -33*h + 3552 - 615 = 0. Let p = -44 + 75. What is the remainder when h is divided by p?
27
Let s(g) = 69*g**2 + 677*g - 2. Calculate the remainder when 4221 is divided by s(-10).
125
Let x = 15862 + -15778. Calculate the remainder when 3442 is divided by x.
82
Let s = -2810 - -2827. What is the remainder when 1631 is divided by s?
16
Let v = 13974 + -13398. What is the remainder when 583 is divided by v?
7
Let v = 22 + 33. Suppose 6 = 2*f - 4. Suppose 0 = o + m - 19, 2*o - f*o = 2*m - 57. Calculate the remainder when v is divided by o.
17
Suppose 5*d + 3 + 2 = 0, -2*d = 2*w - 290. Suppose 0 = h - 3*i - 67, 2*i + w = 2*h - 0. What is the remainder when h is divided by 18?
4
Let q(b) = -6*b - 144. What is the remainder when 495 is divided by q(-25)?
3
Let a be 26/10 - 2/(-5). Let y(h) be the third derivative of -h**5/60 + h**4/3 - h**3/3 + 3*h**2 + 25*h. Calculate the remainder when 75 is divided by y(a).
10
Let l = 86 - 85. What is the remainder when 188 is divided by 7/((-21)/(-198)) - l?
58
Let a(d) = -4*d - 2. Let n be a(-12). Suppose 0*t + 2*t = n. What is the remainder when t is divided by 8?
7
Let o be (-10 - 2278)*(-4)/(3 - -5). Suppose -5*r - 3*z + o = 267, 3*r = -z + 527. Calculate the remainder when r is divided by 92.
84
Let n(q) = q**2 + 6*q + 13. Let h be n(-3). Let l be ((-1)/h)/(4/992*-2). Let m = l - 20. Calculate the remainder when m is divided by 6.
5
Let p = 29886 + -29322. What is the remainder when p is divided by 51?
3
Let d = 2685 - 1534. What is the remainder when d is divided by 33?
29
Let m = 38 + -25. What is the remainder when ((-2)/12)/1 - (-28455)/630 is divided by m?
6
Let p be (-1 + -1)/(-2 - -1)*10. Suppose -p = -5*s + 160. Suppose 6*n = n + y + 60, -s = -3*n + 3*y. What is the remainder when n is divided by 7?
5
Suppose 13*h = 103*h - 11520. Calculate the remainder when 1349 is divided by h.
69
Suppose 1489*q - 1513*q = -5328. What is the remainder when 443 is divided by q?
221
Let n(l) = 2*l**2 + 18*l - 37. Let y = 177 + -191. What is the remainder when n(y) is divided by 53?
50
Suppose -514 = -7*x + 1348. Suppose -15 = -5*s - 4*i, 0 = s - 6*s + 5*i + 15. Suppose 11*c - x = -s*c. What is the remainder when 169 is divided by c?
17
Suppose 9*n = -30 + 84. Suppose -862 = -n*l - 10. What is the remainder when l is divided by 38?
28
Suppose v = u - 4*u + 316, 200 = 2*u - 2*v. Suppose 0*a - u = -13*a. What is the remainder when 34 is divided by a?
2
Let d(z) = -z**2 - 38*z - 298. Calculate the remainder when 2240 is divided by d(-13).
26
Let x(b) = b**2 - 30*b - 24. Suppose 12*y - 195 - 177 = 0. What is the remainder when x(y) is divided by 1?
0
Let j = 50 + -51. Suppose -5*a - 5*q + 90 = 0, 2*q - 5 + 65 = 4*a. What is the remainder when j/4 + 1316/a is divided by 29?
24
Let a be 0/((-28)/(-16) - (-1)/4). Suppose a = t - 5*t. Suppose -4*g + 0*g - v + 21 = t, 5*g - 25 = -v. Calculate the remainder when 15 is divided by g.
3
Let t = 43 + -7. Let w(p) = -3*p + 70. Let z be w(22). Suppose -5*l = 2*n - n - 100, 3*l = z*n + 60. Calculate the remainder when t is divided by l.
16
Let m(g) = 255*g - 2253. Calculate the remainder when m(10) is divided by 83.
48
Let j(s) = s**2 - 12*s + 16. Suppose 0*g + 2*g = 22. Suppose 0 = 208*z - 198*z - 20. What is the remainder when j(g) is divided by z?
1
Let u be 59/4 - 4/(-16). Suppose 8*m - u*m = -91. Calculate the remainder when m is divided by 3.
1
Let w = 37 + 37. Suppose -4*h + m = -81 + 1, m = 0. Calculate the remainder when w is divided by h.
14
Let m = 4247 - 2318. Suppose -312 - m = -9*t. Suppose 0 = -16*j + t + 215. What is the remainder when 115 is divided by j?
28
Calculate the remainder when (-8 - -76) + -13 + 12 + 7 is divided by 1 - 2 - 8/(-1).
4
Let j be (-5 - -2)/(3 + 171/(-58)). Let r = -51 - j. Let t(k) = -3*k**2 + 23*k + 10. What is the remainder when t(r) is divided by 13?
11
Suppose 0 = -13*c - 23 + 1843. Calculate the remainder when (-2)/(-7) + 25300/c is divided by 17.
11
Let q be 56/3*(-11)/(-2)*3. What is the remainder when 195 is divided by -4 + q/20 + (-6)/15?
8
Let f(l) = -5445*l - 59874. Calculate the remainder when ((-76)/1)/((-1)/8) is divided by f(-11).
20
Suppose -3*p = 5*f - 339, -10*p + 12*p + 4*f - 226 = 0. Calculate the remainder when p is divided by 62.
51
Let y = 5 - 2. Let o(z) = -25*z + 54. Let s(r) = -33*r + 55. Let f(j) = 4*o(j) - 3*s(j). Calculate the remainder when f(22) is divided by y.
2
Let p = 1133 + -1087. What is the remainder when 244 is divided by p?
14
Suppose -9*b + 23*b + 49712 = 66*b. What is the remainder when 2905 is divided by b?
37
Suppose p + 13*f - 18*f = 221, -2*p + f = -487. Suppose -p = -5*b + 164. Calculate the remainder when b is divided by 2.
0
Suppose 5*b = -2*d + 185, 2*d - 109*b + 108*b = 203. Calculate the remainder when d is divided by (-718)/(-14) + (-10)/35.
49
Let t(q) = -15*q**3 - 2*q**2 - 72*q - 189. What is the remainder when t(-3) is divided by 55?
29
Let w(f) = 9*f**2 + 4*f + 1. Let t be w(-1). What is the remainder when 118 is divided by 8 + (t - 10 - 16/(-2))?
10
What is the remainder when 156/(-24)*(-24 + 2) is divided by 8?
7
Let z be (198/(-27))/((-4)/6). Suppose -20 = 9*g - z*g. Calculate the remainder when 22 is divided by g.
2
Suppose 22*c = 26*c - u - 73, u - 22 = -c. Suppose 1819 = -2*v + c*v. Calculate the remainder when v is divided by 30.
17
Let r(w) = 228*w + 474. What is the remainder when 104 is divided by r(-2)?
1